{"id":11,"date":"2023-06-08T08:31:07","date_gmt":"2023-06-08T08:31:07","guid":{"rendered":"http:\/\/193.194.89.179\/wp_lmstd\/?page_id=11"},"modified":"2026-04-15T12:05:28","modified_gmt":"2026-04-15T12:05:28","slug":"manifestations-scientifiques","status":"publish","type":"page","link":"https:\/\/lmstd.usthb.dz\/index.php\/manifestations-scientifiques\/","title":{"rendered":"Manifestations Scientifiques"},"content":{"rendered":"\n<hr class=\"wp-block-separator has-alpha-channel-opacity\"\/>\n\n\n\n<h2 class=\"wp-block-heading has-very-light-gray-to-cyan-bluish-gray-gradient-background has-background\">\u00c0 venir&#8230;<\/h2>\n\n\n\n<blockquote class=\"wp-block-quote is-layout-flow wp-block-quote-is-layout-flow\">\n<ul class=\"wp-block-list has-pale-ocean-gradient-background has-background\">\n<li><strong>National Scientific Days of MSTD Laboratory (NSDs\u201926-MSTD) 17-18 octobre 2026, Facult\u00e9 de math\u00e9matiques, USTHB<\/strong><\/li>\n<\/ul>\n<\/blockquote>\n\n\n\n<h2 class=\"wp-block-heading has-very-light-gray-to-cyan-bluish-gray-gradient-background has-background\">Pass\u00e9es&#8230;<\/h2>\n\n\n\n<blockquote class=\"wp-block-quote is-layout-flow wp-block-quote-is-layout-flow\">\n<ol class=\"wp-block-list has-pale-ocean-gradient-background has-background\">\n<li>Journ\u00e9es Scientifiques du Laboratoire 2025(JSL\u201925), 06 et 07 d\u00e9cembre 2025, Facult\u00e9 de Math\u00e9matiques, USTHB.     \n<ul class=\"wp-block-list\">\n<li> <a href=\"https:\/\/lmstd.usthb.dz\/wp-content\/uploads\/2025\/11\/MSTD-LABORATORY-SCIENCE-DAYS-December-2025.pdf\" target=\"_blank\" rel=\"noreferrer noopener\">Appel \u00e0 communications JSL\u201925<\/a><\/li>\n\n\n\n<li><a href=\"https:\/\/lmstd.usthb.dz\/wp-content\/uploads\/2025\/12\/Programme-JSL-25-MSTD.pdf\" target=\"_blank\" rel=\"noreferrer noopener\">Programme JSL 25<\/a><\/li>\n\n\n\n<li><a href=\"https:\/\/drive.google.com\/file\/d\/19PpJRc6V3fNw_gHaoioeNXT_B_rW0XB2\/view?usp=drive_link\">Recueil des r\u00e9sum\u00e9s<\/a> <\/li>\n<\/ul>\n<\/li>\n\n\n\n<li>Colloque international Mod\u00e9lisation Stochastique et Statistique 1, 2 et 3 juillet 2025 (MSS 25), Facult\u00e9 de Math\u00e9matiques, USTHB.<br><a href=\"https:\/\/fmath.usthb.dz\/mss2025\/\">APPEL communications MSS 2025<\/a><\/li>\n\n\n\n<li>Journ\u00e9es Scientifiques du Laboratoire 2024 (JSL\u201924), 16 et 17 novembre 2024, Facult\u00e9 de Math\u00e9matiques, USTHB.\n<ul class=\"wp-block-list\">\n<li><a href=\"https:\/\/drive.google.com\/file\/d\/18B-B9sbfQrjLsBn-KmjNKYUsY8azDAjE\/view?usp=sharing\">Programme JSL&#8217;24<\/a><\/li>\n\n\n\n<li><a href=\"https:\/\/lmstd.usthb.dz\/wp-content\/uploads\/2025\/07\/recueil-1.pdf\" target=\"_blank\" rel=\"noreferrer noopener\">Recueil des r\u00e9sum\u00e9s JSL&#8217;24<\/a><\/li>\n<\/ul>\n<\/li>\n\n\n\n<li>Journ\u00e9e Scientifique du Laboratoire 2022 (JSL\u201922), 26 f\u00e9vrier 2022, Facult\u00e9 de Math\u00e9matiques, USTHB<a href=\"http:\/\/www.usthb.dz\">.<\/a>\n<ul class=\"wp-block-list\">\n<li><a href=\"https:\/\/drive.google.com\/file\/d\/1s50mxFlIU8YzhQZBnmSJjJQG3xxHR_TO\/view?usp=drive_link\">Programme JSL&#8217;22<\/a><\/li>\n\n\n\n<li><a href=\"https:\/\/drive.google.com\/file\/d\/1GYndfUUoXBbS30kRgOvVWgemqwRfk1T3\/view?usp=drive_link\" data-type=\"link\" data-id=\"https:\/\/drive.google.com\/file\/d\/1GYndfUUoXBbS30kRgOvVWgemqwRfk1T3\/view?usp=drive_link\">Recueil des r\u00e9sum\u00e9s JSL&#8217;22<\/a><\/li>\n<\/ul>\n<\/li>\n\n\n\n<li>MSS 19.  <a href=\"https:\/\/drive.google.com\/file\/d\/1aq44Be_LazDzilekTE3GPnPQADaCrY8v\/view?usp=sharing\" data-type=\"link\" data-id=\"https:\/\/drive.google.com\/file\/d\/1aq44Be_LazDzilekTE3GPnPQADaCrY8v\/view?usp=sharing\">MSS&#8217;19 Proceeding<\/a><\/li>\n\n\n\n<li>MSS 14. <a href=\"https:\/\/mss2014.jimdofree.com\/\">https:\/\/mss2014.jimdofree.com\/<\/a><\/li>\n\n\n\n<li>JSL 2013<\/li>\n\n\n\n<li>MSS 10. <a href=\"http:\/\/oldsite.usthb.dz\/fr\/page\/874\">http:\/\/oldsite.usthb.dz\/fr\/page\/874<\/a><\/li>\n<\/ol>\n<\/blockquote>\n\n\n\n<p><\/p>\n","protected":false},"excerpt":{"rendered":"<p>\u00c0 venir&#8230; Pass\u00e9es&#8230;<\/p>\n","protected":false},"author":1,"featured_media":0,"parent":0,"menu_order":0,"comment_status":"closed","ping_status":"closed","template":"","meta":{"footnotes":""},"class_list":["post-11","page","type-page","status-publish","hentry"],"_links":{"self":[{"href":"https:\/\/lmstd.usthb.dz\/index.php\/wp-json\/wp\/v2\/pages\/11","targetHints":{"allow":["GET"]}}],"collection":[{"href":"https:\/\/lmstd.usthb.dz\/index.php\/wp-json\/wp\/v2\/pages"}],"about":[{"href":"https:\/\/lmstd.usthb.dz\/index.php\/wp-json\/wp\/v2\/types\/page"}],"author":[{"embeddable":true,"href":"https:\/\/lmstd.usthb.dz\/index.php\/wp-json\/wp\/v2\/users\/1"}],"replies":[{"embeddable":true,"href":"https:\/\/lmstd.usthb.dz\/index.php\/wp-json\/wp\/v2\/comments?post=11"}],"version-history":[{"count":42,"href":"https:\/\/lmstd.usthb.dz\/index.php\/wp-json\/wp\/v2\/pages\/11\/revisions"}],"predecessor-version":[{"id":556,"href":"https:\/\/lmstd.usthb.dz\/index.php\/wp-json\/wp\/v2\/pages\/11\/revisions\/556"}],"wp:attachment":[{"href":"https:\/\/lmstd.usthb.dz\/index.php\/wp-json\/wp\/v2\/media?parent=11"}],"curies":[{"name":"wp","href":"https:\/\/api.w.org\/{rel}","templated":true}]}}